 + 39) - 29?
-54
Calculate 1 + 13 - (72 + -45 + -34).
21
173 + -22 + (11 - -1) + -45
118
What is the value of -12 - (10 + -14 + 34) - -11?
-31
What is 0 + 2 + (-48 - -43) - (33 - 11)?
-25
Calculate 129 - (51 - 12 - (9 - -2)).
101
What is 51 + -2 + -8 + 45 + -48?
38
(-4 - -4 - 15 - (-25 - -16)) + 13
7
What is the value of (19 - 2 - (-3 - -2)) + (-4565 - -4464)?
-83
2 + 27 + (8 - 19) - -36
54
What is (24 - (-42 + 142)) + 35?
-41
-45 + -35 + 41 - -36
-3
What is the value of -38 + (1 - 90) - (45 - 57)?
-115
-133 - -116 - (3 - (-3 - -65))
42
What is the value of 103 + 48 + -84 + -44?
23
(35 - -1) + (352 - 383)
5
Evaluate 2 + (-160 + 147 - (1 + -4)) + 1.
-7
Evaluate -17 - -26 - 16 - (31 + 2 + -5).
-35
Calculate (137 - 141) + (0 - 42) - 39.
-85
Calculate 0 + -2 + -130 - (321 - (282 + 34)).
-137
Calculate -57 + -1 - (-24 - (-16 + -25 + 26)).
-49
What is the value of 117 - (367 + -77 - 127)?
-46
(-5 - -1) + -1 + 5 - (19 - -2)
-21
What is 4 + 115 - (-6 + (5 - (0 - (3 + -6))))?
123
Calculate 90 - (65 - (14 - 92)).
-53
Calculate (5 - 4) + (8 - -3) + -21 + 13 + 6.
10
-170 - (-206 + 116 + 27)
-107
1 + (1 + (69 - 2) - (262 - 247))
54
6 + 2 + (-5 - ((-71 - -24) + 17))
33
(-15 - 9) + (5 - 20 - (-11 + 5))
-33
Evaluate (10 + 5 - 9) + (9 - (33 - 8)) + 114.
104
What is 4 + -16 + 23 - 19 - (-2 - (73 - 3))?
64
Evaluate -34 - (129 - (146 + -23)).
-40
Evaluate -62 - (-16 - (-21 + 23)) - (4 - -3).
-51
What is (3 + -15 - -32) + -37?
-17
What is the value of (-2 - (2 - 9) - 31 - (-117 - -116)) + 5?
-20
What is -135 + 94 + (15 - 5)?
-31
Evaluate (309 - 287) + -3 + (0 - -1).
20
What is the value of -2 - (-37 + 18 + -15 + 16) - 22?
-6
Calculate -26 + (108 - (-73 + 102)).
53
What is -10 + 2 - -20 - 7 - (32 + -1)?
-26
Calculate -41 + (1 - (22 + -22)).
-40
Evaluate -24 + (-18 + 51 - 10).
-1
Evaluate 0 + 2 + (-34 - (-82 + 51 + -17)).
16
Evaluate -1 + (-1 - -13) + -23 + (17 - 20) + 20.
5
Calculate 38 + -41 + (5 - 8) + 35 - 0.
29
What is 83 + -40 + -79 + 48?
12
What is -30 + -41 - -62 - 29?
-38
What is the value of -5 + (3 - -7) - (-54 + 17)?
42
What is -116 - ((-74 - 35) + -14)?
7
Calculate (285 - 240) + -10 + 29.
64
What is the value of (171 - 33 - 148) + 86 + (2 - 2 - -2)?
78
What is (-27 - -25) + 80 + (-5 + -1 - -5)?
77
Evaluate -19 - ((20 - (12 + 18)) + -93 + 20).
64
What is the value of (-2 - -61) + (108 - 202) + 81?
46
Evaluate (6 - (-8 - 24)) + (117 - 201).
-46
Calculate -13 - ((5 + 6 - (-6 + -9) - 13) + 6).
-32
What is -50 + (-51 + 22 - -120)?
41
Calculate 257 - (-142 + 375) - (104 + -2 + 2).
-80
What is 82 - (-114 + 34 + 105)?
57
What is the value of -44 + 1 + (11 + -14 - 67)?
-113
Evaluate 3 + (-3 - 0 - -2) - (-81 - (5 + -2)).
86
26 + (-18 - 24) - (8 - 61)
37
What is 23 + (-51 - -43) + 4 - -18?
37
Evaluate 122 + -64 + -30 + (-30 - -3).
1
What is the value of (23 - (-23 - -42)) + (6 - 4)?
6
159 + -273 - -67 - (-38 + 1)
-10
What is -3 + -1961 + 1963 + -16 + (2 - (-2 + 5))?
-18
Calculate 24 + (387 - 389) + -35 + -1.
-14
What is the value of (-54 - 37 - -100) + (-2 - 122)?
-115
2 + 0 - (-8 + -17 - -26)
1
-120 - (27 + 0 + -184 + 157 - (-1 - 6))
-127
Evaluate -36 - (8 + -41) - (0 + 0) - 6.
-9
Calculate 104 + (-132 + -52 - -91).
11
What is the value of -33 - 0 - (-136 + (299 - 148))?
-48
Evaluate -11 + (-61 - -82) - 58.
-48
Evaluate 12 + (60 + -108 - -49).
13
What is the value of 3 - (56 - 4) - (-573 + 567)?
-43
What is the value of -26 + (7 - 13) - -155 - 21?
102
-18 + 5 - -2 - ((-97 - -95) + -2 + 23)
-30
What is the value of -10 - (-39 + (-9 - -30) + -10 + 5)?
13
-15 + (2 - 8 - (-70 + 67))
-18
Calculate 4 - ((2 - 37) + (-14 - -5 - -6)).
42
Evaluate (10 - 6) + 3 + 0 + 2 + (-3 - 4).
2
Calculate -84 + (-66 + 90 - -16).
-44
What is 80 + -19 + (6 - 79)?
-12
Calculate -209 + 199 + (-2 - (3 - 2)) + -7.
-20
Evaluate -1 + (11 - 10) + 71 + -14.
57
(34 - -5) + (-117 - -67)
-11
What is the value of 28 + 131 + -55 + -222?
-118
Calculate -7 + -1 + (30 - (38 - -46) - 11).
-73
Evaluate 13 + (0 - 8) - (-42 - (-12 - -1)).
36
What is 19 - (-9 - -26) - 0 - (0 + 0 + 12)?
-10
Evaluate -2 + (-65 + 30 - -21 - (63 + (0 - -2))).
-81
What is -64 - (-53 - (-111 + 136))?
14
What is 7 + 7 + -12 + (0 - (-44 - 6 - -3))?
49
Calculate -11 - ((935 - 925) + (0 - 7)).
-14
Evaluate (0 - -10) + -152 + 191 + 2 + -30.
21
55 + -1 + -6 + (-19 - -17) + (122 - 112)
56
Evaluate (10 + 10 - 35 - -12) + 46.
43
What is (-57 - -11) + -2 + -15 - -28?
-35
Evaluate (10 - 0 - (-17 - -34)) + 4 + -14.
-17
What is the value of -17 + (-8 + -30 + 21 - 60 - 24)?
-118
What is -65 + 95 - (-3 + 1 - -2 - 4)?
34
9 - (-44 + (-110 - -113) + 4 + 0 + 5)
41
-6 - (5 + -17 + -6) - (57 + -66)
21
What is 37 - (12 + -9 + 31)?
3
What is the value of (-156 - -177) + (-87 - 4)?
-70
Evaluate -6 + (5 - 40) + -8 + -6 + (15 - 4).
-44
What is the value of 5 + 17 + (-116 - -89)?
-5
What is 9 - -97 - (541 - 387)?
-48
What is (58 - 66) + (2 - (-4 + 8) - (1 + 21))?
-32
What is the value of 1 - (59 + (-10 - (24 + 0) - -17))?
-41
Calculate -136 + 7 - (276 + -268).
-137
What is the value of 187 + -46 + -13 + (17 - 30)?
115
Evaluate (1 - (2 + -1)) + (420 - 407).
13
Evaluate 9 - ((-6 - -15) + 1 + -19 - (-3 - 86)).
-71
Evaluate (122 - 53 - 165) + 26.
-70
What is the value of -9 + (57 - (9 - (8 + -6) - 8)) - 3?
46
What is -85 + (-13 - -37) + 10?
-51
Calculate (17 - 33) + 6 + 18 + -1 + -9.
-2
What is the value of -15 + 17 + (-137 - (-16 + (-11 + -2 - -40)))?
-146
Calculate 3 - (28 + (2 - 2) + -5) - (-114 + 120).
-26
(-6 - 5) + 1 + 6 - ((37 - 20) + -21)
0
0 - -1 - (3 + 1 - ((4 - -1) + 4))
6
What is the value of 7 + (0 - 2) + (-37 - (14 + -99 + -24))?
77
Calculate 35 + -17 + (49 - 4) + -1.
62
25 + (-12 - (13 - 5 - 26)) - -5 - 12
24
Calculate 23 + -15 + 38 + -52.
-6
What is 137 + -29 + 14 + -108?
14
Calculate (-3 + 5 - (3 - 17)) + (-17 - -61).
60
Calculate (-3 + 1 - (-4 - 1)) + (-29 - (-66 + 33)).
7
What is the value of -14 - 22 - (-13 + -4) - -13 - (3 + 8)?
-17
What is 27 - (-27 + 18 + 65)?
-29
Evaluate 105 + -2 + 50 + -43 + -3.
107
Calculate 82 - -3 - ((-23 - -28) + (2 - 0) - 19).
97
What is the value of (-11 - (5 + -6 - -3)) + 6 + -6 + -7?
-20
What is the value of -27 - (7 + 2 + 32 + -41 + 7)?
-34
Evaluate -54 - (-29 + (-10 - 12)) - (-1 + (-21 - 2)).
21
Evaluate (30 + -18 + 9 - (33 + -17)) + 12.
17
Calculate (113 + -105 - -31) + -15.
24
Evaluate 18 - (2 - -2 - (18 - (10 - (0 + 5)))).
27
What is (-5 - (7 + -3)) + -5 + 8 + -11?
-17
Evaluate -41 - (26 + (-5 - 11) + (-1 - 12)).
-38
Calculate -8 + (11 + (-6 - 2) - -7 - (2 + -26)).
26
What is the value of -2 + -7 + (30 - 12) + (-101 - (4 - -2))?
-98
What is the value of 101 + -69 + -2 + 30 + 7?
67
What is the value of 5 + -23 + 44 + -22 - (0 + 70)?
-66
(46 - 45) + -2 - (-3 + -53 - (2 - 0))
57
Evaluate -4 + 0 + (-4 - (-30 - -35)) + 8 + -8.
-13
What is (-5 - (-17 - -6)) + (19 - -21 - 7) + 2?
41
What is the value of -43 + 3 + (57 + -33 - 25)?
-41
What is 24 - (171 + -122 + -2 + -1)?
-22
What is the value of -20 + (1 - 0) + (-112 - -121) - 33?
-43
Evaluate -22 + -11 + 40 + -31 - 13.
-37
Calculate -137 + 128 + (-3 - (0 - 34)).
22
What is 2 - (29 + -42) - 22?
-7
Evaluate -13 - (-126 + 73 - (6 - 0)) - 6.
40
What is -74 + (30 - -47) + 36?
39
What is 35 + (14 + 5 + -26 - -23)?
51
64 - 44 - (0 + 60 - -10)
-50
Evaluate 21 - ((9 - 21) + -1 + 8 + 5).
21
15 + 2 - (34 - (-30 + 66))
19
Calculate -58 + (30 - 50) - (10 - 2).
-86
130 + -13 + (902 - 1020)
-1
Calculate 37 - (42 + -40) - -2.
37
What is (-19 - -37 - 20) + (-4 - (4 - 11) - -52)?
53
What is 78 + (-75 - -17 - -26) + -2?
44
Evaluate 3 - (0 - 26 - -41 - 33).
21
What is the value of 2 + -18 + (62 - 69 - (-2 + 0)) + 9?
-12
Calculate 369 + -377 + (1 - 0) + 15 + -1 + -45.
-38
What is the value of (-10 - -11) + 3 + -1 + (-9 - 0) - -38?
32
What is the value of -31 - (72 - (106 + -137))?
-134
Calculate -8 + 5 + (-5 - 2) + 1 + -2 - 42.
-53
Evaluate 33 + -41 + (-10 - -128) + 8.
118
(14 + -9 - -77) + 8 + -27 + 9 + 1
73
What is the value of (44 + -9 - -20) + 7 + (-17 - (-7 - -5))?
47
Calculate (45 - -13 - 33) + (4 - 0).
29
Evaluate -82 - (23 - 39) - (1 - 14).
-53
Evaluate (-21 + 10 - (11 - 15)) + 49 + 0.
42
-14 + -86 - (172 + -193)
-79
-35 + (11 - (-20 - -22)) + (-1 - 6)
-33
Calculate -22 + -11 + -34 - (-2 + 8).
-73
Calculate 0 + 55 + (-2 + 15 - 12) + 1 + -6.
51
What is the value of (1 + (4